{"id":90,"date":"2022-07-08T12:43:12","date_gmt":"2022-07-08T10:43:12","guid":{"rendered":"https:\/\/balpol.pl\/?page_id=90"},"modified":"2024-10-30T12:59:17","modified_gmt":"2024-10-30T11:59:17","slug":"olej-opalowy","status":"publish","type":"page","link":"https:\/\/balpol.pl\/index.php\/olej-opalowy\/","title":{"rendered":"Olej opa\u0142owy lekki"},"content":{"rendered":"\n<div class=\"wp-block-columns is-layout-flex wp-container-core-columns-is-layout-28f84493 wp-block-columns-is-layout-flex\">\n<div class=\"wp-block-column is-layout-flow wp-block-column-is-layout-flow\">\n<figure class=\"wp-block-image size-full is-resized is-style-default\"><img loading=\"lazy\" decoding=\"async\" width=\"201\" height=\"294\" src=\"https:\/\/balpol.pl\/wp-content\/uploads\/2022\/07\/c2bf41e4-85bf-11e8-9415-525400d183e6_hd_olejopalowy.jpg\" alt=\"\" class=\"wp-image-92\" style=\"width:255px;height:360px\"\/><\/figure>\n<\/div>\n\n\n\n<div class=\"wp-block-column is-layout-flow wp-block-column-is-layout-flow\">\n<p>Olej Opa\u0142owy marki Ekoterm PLUS \/ Lotos RED<\/p>\n\n\n\n<p>Zam\u00f3wienia:<br>tel: 604 200 844<br>email: biuro@balpol.pl<\/p>\n\n\n\n<p>Cena ustalana jest indywidualnie dla ka\u017cdego klienta w zale\u017cno\u015bci od ilo\u015bci zam\u00f3wionych litr\u00f3w i lokalizacji. Tylko krajowi producenci. 100% legalno\u015bci i jako\u015bci towaru.<\/p>\n\n\n\n<p>Obs\u0142ugujemy m.st. Warszawa oraz najbli\u017csz\u0105 okolic\u0119!<\/p>\n\n\n\n<p>Zadzwo\u0144 dzi\u015b i zapytaj o rabat na olej opa\u0142owy!<\/p>\n<\/div>\n<\/div>\n","protected":false},"excerpt":{"rendered":"<p>Olej Opa\u0142owy marki Ekoterm PLUS \/ Lotos RED Zam\u00f3wienia:tel: 604 200 844email: biuro@balpol.pl Cena ustalana jest indywidualnie dla ka\u017cdego klienta w zale\u017cno\u015bci od ilo\u015bci zam\u00f3wionych litr\u00f3w i lokalizacji. Tylko krajowi producenci. 100% legalno\u015bci i jako\u015bci towaru. Obs\u0142ugujemy m.st. Warszawa oraz najbli\u017csz\u0105 okolic\u0119! Zadzwo\u0144 dzi\u015b i zapytaj o rabat na olej opa\u0142owy!<\/p>\n","protected":false},"author":1,"featured_media":0,"parent":0,"menu_order":0,"comment_status":"closed","ping_status":"closed","template":"","meta":{"site-sidebar-layout":"default","site-content-layout":"","ast-site-content-layout":"default","site-content-style":"default","site-sidebar-style":"default","ast-global-header-display":"","ast-banner-title-visibility":"","ast-main-header-display":"","ast-hfb-above-header-display":"","ast-hfb-below-header-display":"","ast-hfb-mobile-header-display":"","site-post-title":"","ast-breadcrumbs-content":"","ast-featured-img":"","footer-sml-layout":"","theme-transparent-header-meta":"","adv-header-id-meta":"","stick-header-meta":"","header-above-stick-meta":"","header-main-stick-meta":"","header-below-stick-meta":"","astra-migrate-meta-layouts":"set","ast-page-background-enabled":"default","ast-page-background-meta":{"desktop":{"background-color":"var(--ast-global-color-4)","background-image":"","background-repeat":"repeat","background-position":"center center","background-size":"auto","background-attachment":"scroll","background-type":"","background-media":"","overlay-type":"","overlay-color":"","overlay-opacity":"","overlay-gradient":""},"tablet":{"background-color":"","background-image":"","background-repeat":"repeat","background-position":"center center","background-size":"auto","background-attachment":"scroll","background-type":"","background-media":"","overlay-type":"","overlay-color":"","overlay-opacity":"","overlay-gradient":""},"mobile":{"background-color":"","background-image":"","background-repeat":"repeat","background-position":"center center","background-size":"auto","background-attachment":"scroll","background-type":"","background-media":"","overlay-type":"","overlay-color":"","overlay-opacity":"","overlay-gradient":""}},"ast-content-background-meta":{"desktop":{"background-color":"var(--ast-global-color-5)","background-image":"","background-repeat":"repeat","background-position":"center center","background-size":"auto","background-attachment":"scroll","background-type":"","background-media":"","overlay-type":"","overlay-color":"","overlay-opacity":"","overlay-gradient":""},"tablet":{"background-color":"var(--ast-global-color-5)","background-image":"","background-repeat":"repeat","background-position":"center center","background-size":"auto","background-attachment":"scroll","background-type":"","background-media":"","overlay-type":"","overlay-color":"","overlay-opacity":"","overlay-gradient":""},"mobile":{"background-color":"var(--ast-global-color-5)","background-image":"","background-repeat":"repeat","background-position":"center center","background-size":"auto","background-attachment":"scroll","background-type":"","background-media":"","overlay-type":"","overlay-color":"","overlay-opacity":"","overlay-gradient":""}},"footnotes":""},"class_list":["post-90","page","type-page","status-publish","hentry"],"_links":{"self":[{"href":"https:\/\/balpol.pl\/index.php\/wp-json\/wp\/v2\/pages\/90","targetHints":{"allow":["GET"]}}],"collection":[{"href":"https:\/\/balpol.pl\/index.php\/wp-json\/wp\/v2\/pages"}],"about":[{"href":"https:\/\/balpol.pl\/index.php\/wp-json\/wp\/v2\/types\/page"}],"author":[{"embeddable":true,"href":"https:\/\/balpol.pl\/index.php\/wp-json\/wp\/v2\/users\/1"}],"replies":[{"embeddable":true,"href":"https:\/\/balpol.pl\/index.php\/wp-json\/wp\/v2\/comments?post=90"}],"version-history":[{"count":8,"href":"https:\/\/balpol.pl\/index.php\/wp-json\/wp\/v2\/pages\/90\/revisions"}],"predecessor-version":[{"id":257,"href":"https:\/\/balpol.pl\/index.php\/wp-json\/wp\/v2\/pages\/90\/revisions\/257"}],"wp:attachment":[{"href":"https:\/\/balpol.pl\/index.php\/wp-json\/wp\/v2\/media?parent=90"}],"curies":[{"name":"wp","href":"https:\/\/api.w.org\/{rel}","templated":true}]}}